) = 5*u - 3. Determine g(q).
7
Let o(u) = -22*u. Let h(t) = 27*t. Let s(k) = 5*h(k) + 6*o(k). Let l(d) = -d**2 + 2*d. Let v be l(3). Determine s(v).
-9
Let r(n) = 10*n**3 - 2 - n - 9*n**3 + 0*n**3 + 2*n**2 - 3*n**2. Let d be (0*1/1)/1. Give r(d).
-2
Let w(a) = -a**3 + 7*a**2 - 6*a - 3. Suppose -12 = -4*r, -2*h + 2*r = -0*r - 6. Calculate w(h).
-3
Let x(k) = 18*k**2 + 6*k + 6. Let j(f) = -f - 1. Let i(w) = -5*j(w) - x(w). Determine i(-1).
-18
Let w(o) = -o**2 - 3*o + 3. Let a = 11 - 11. Let i = -3 - 0. Let t = a + i. What is w(t)?
3
Let r be ((-4)/6)/((-3)/(-9)). Let a(h) be the first derivative of -h**3 + 3 - 3/2*h**2 + 0*h. Calculate a(r).
-6
Let r(o) = -o**3 - o**2 - o. Suppose 4*x - 3*x = -8. Let z(l) = -l**2 - 9*l - 8. Let f be z(x). Give r(f).
0
Let v be ((-25)/50)/(1/6). Let o(t) = -t**3 - 3*t**2 - 4*t - 3. Give o(v).
9
Let l(t) be the first derivative of 2*t**2 - 2*t + 4. Calculate l(5).
18
Let n(l) be the second derivative of l**5/20 + 2*l**4/3 + l**3 - l**2 + 21*l. Give n(-7).
5
Let s(l) = 6*l**2 - 7*l - 4. Let q(k) = 5*k**2 - 7*k - 3. Let v(p) = -5*q(p) + 4*s(p). What is v(6)?
5
Let z be 8 - 6/(6/2). Suppose 3*x = -0*x + z. Let d(g) = -3*g**3 - 2*g + x*g**2 + 1 + 0*g**2 - g**2. Calculate d(1).
-3
Let i(p) be the second derivative of p**5/20 - 7*p**4/12 + 7*p**3/6 - p**2/2 + 8*p. Calculate i(6).
5
Suppose -c - c = 12. Let s = -2 - c. Let l(d) = d - 3. Determine l(s).
1
Let t(i) = -3*i**3 - 2*i**2 - i. Let s be t(-1). Let l be (0 + 0)/(s/(-2)). Let f(m) = l*m - m + 0*m - 2 + 2*m + 3*m**2. Determine f(-2).
8
Let u(y) = -3*y - 12. Let i(w) = -2*w - 6. Let x(a) = 5*i(a) - 3*u(a). Give x(0).
6
Let o be (-2)/(-8) - (-35)/20. Let t(r) be the first derivative of -r**2 + 3*r + 2. What is t(o)?
-1
Let q(j) = -j**2 - 3*j + 3. Suppose 4*c + 4 = -12. Determine q(c).
-1
Let m be 2/(-3) + 20/3. Let u(w) = 3*w + 2*w + 1 - w**2 + 2 - m*w. Determine u(3).
-9
Let i(j) = -j**3 - j**2 - 1. Let m(r) = -r - 4*r**2 + 0*r - 9 - r**3 + 2*r**2. Let y(z) = -2*i(z) + m(z). Determine y(0).
-7
Let p = 1 + 0. Let n(r) = -20*r + 9. Let m(f) = -10*f + 5. Let q(o) = -11*m(o) + 6*n(o). What is q(p)?
-11
Let a(t) = -t**2 - 9*t - 13. Suppose -2*f + 10 = -3*s - 11, 0 = -f - 3. What is a(s)?
-13
Let q(s) = -s**3 - s**2 + s + 1. Let b(j) = 14*j**3 + 2*j**2 - 2*j - 2. Let u(d) = -b(d) - q(d). Let i = 72 - 73. Give u(i).
12
Suppose -3*t + 40 - 4 = 0. Let g = 14 - t. Let d(h) = -2*h**3 + 2*h**2 + 2*h - 2. Determine d(g).
-6
Let o(g) be the second derivative of g**6/120 - g**5/120 + g**4/12 - 2*g**3/3 - 6*g. Let f(u) be the second derivative of o(u). What is f(-2)?
16
Let s(x) = x**3 - x**2. Let n(j) = -4*j**3 + 9*j**2 - 2*j + 5. Let f(y) = n(y) + 3*s(y). Give f(6).
-7
Let s(u) = 2*u**2 - 4*u + 6. Let m(p) = 7*p**2 - 16*p + 24. Let o(r) = 2*m(r) - 9*s(r). Let k(a) = -a**2 - 1. Let v(w) = -3*k(w) + o(w). What is v(2)?
1
Let t(q) = q**2 - 6*q + 6. Suppose 0 = 2*f - 0*h + 3*h - 11, h = -3*f + 13. Suppose f*j - 26 = -6. Determine t(j).
1
Let v(g) = -g**3 + 4*g**2 - 3*g - 2. Let r be ((-9)/18)/(1/(-6)). Calculate v(r).
-2
Let t(b) = b + 7. Let u be t(-6). Suppose -2*o - 7 = -u. Let i(z) = -z + 3. What is i(o)?
6
Suppose 25 = 3*g + 4*d, -3*g + 5*d + 16 = -0*g. Let a = g + -4. Let y(m) = -3*m + 6*m + m + 6 - a*m. Give y(0).
6
Let l(j) = 7*j**2 - 11*j - 4. Let r(u) = -6*u + 0 - 2 - 3*u + 4*u**2 + 3*u. Let g(z) = 3*l(z) - 5*r(z). Determine g(4).
2
Let z(w) = 6*w**2 - 4*w + 14. Let t(r) = -7*r**2 + 5*r - 16. Let i(g) = 5*t(g) + 6*z(g). Determine i(0).
4
Let q(j) = -4*j - 3. Let g(k) = 5*k + 3. Let n(v) = -2*g(v) - 3*q(v). Calculate n(4).
11
Let l(s) = -s - 2. Let p be l(-1). Let t(w) be the first derivative of -7*w**2 - w - 2. Determine t(p).
13
Let u = 18 - 13. Suppose 2*c + 3 = 3*y, y + 10 = u*c - 2. Let v = c + -3. Let n(m) = m + 7. Calculate n(v).
7
Suppose -4*t = -16, -2*t - 3*t = -2*h + 38. Let b = 23 - h. Let j(g) = -g**3 - 5*g**2 + 6*g + 2. Give j(b).
2
Suppose -2*r - 4*c = -4, -4*r + 2*c + 8 = 20. Let d(t) = t**3 + t**2 + 3*t + 1. Calculate d(r).
-9
Suppose 0 = -4*z - 4*z. Let t(k) = -k - 5. What is t(z)?
-5
Let f(j) = 3*j + 1. Let x be f(1). Let d(v) be the first derivative of -v**3/3 + 5*v**2/2 - 4. What is d(x)?
4
Let h(z) be the first derivative of -z**4/4 - 5*z**3/3 + 4*z**2 + 5*z - 4. What is h(-6)?
-7
Suppose 4*g = 3*g - t - 1, -2*g - 4*t - 12 = 0. Let l(w) be the second derivative of -1/2*w**3 + 0 + 1/2*w**2 - 1/12*w**g + 2*w. Give l(-4).
-3
Let s(r) = -2*r - 3*r**2 + 0*r**2 + 6*r**2 - 4*r**2. Let n(t) = -4*t**2 - 7*t - 1. Let m(p) = 2*n(p) - 7*s(p). Calculate m(-2).
-6
Let t(l) = l**2 + 8*l - 13. Let k be t(-9). Let d(v) = -6*v + 3. Let r(p) = -p**3 - 5*p + 2. Let u(n) = k*r(n) + 3*d(n). Determine u(-1).
-5
Suppose -31 - 5 = -6*o. Let y(z) = -z**3 + 6*z**2 - 2*z + 4. What is y(o)?
-8
Let d(s) = s**2 - s - 2. Let a be d(2). Suppose -k + 3 + 2 = a. Suppose 1 = -3*q + k*c, -2*c - 5 = -4*q + 3. Let l(u) = u**3 - 5*u**2 + 5*u - 3. Give l(q).
-6
Let q = -11 + 19. Let y(z) = 4*z**2 + 5*z**2 + q - 2*z**2 - z**3 + 6*z. Let m(d) = -d**3 + 6*d**2 + 5*d + 7. Let b(i) = 6*m(i) - 5*y(i). Give b(2).
-2
Let m(b) = -11*b**3 - 14*b**2 - 12*b - 5. Let n(z) = 5*z**3 + 7*z**2 + 6*z + 2. Let v(x) = -4*m(x) - 9*n(x). Determine v(-6).
2
Let w(a) = -1 - 2*a + 5*a - 216*a**2 + 217*a**2. Determine w(-5).
9
Let i be 4*-6*9/(-24). Suppose -3*c + i = 3*x, -2*c = c - 15. Let y(v) be the second derivative of -v**3/2 + v**2/2 - 2*v. Calculate y(x).
7
Let l(s) = 88*s - 56. Let x(u) = 8*u - 5. Let g(n) = 5*l(n) - 56*x(n). What is g(1)?
-8
Let y(t) = -t + 1. Let h(z) = -z - 1. Let u be h(3). Calculate y(u).
5
Let l = 7 + -5. Suppose 3 + 7 = -l*i. Let r(z) = -z**2 - 7*z - 6. Let k be r(i). Let t(q) = -q**2 + 3*q + 4. Calculate t(k).
0
Let b be 66/(-9) - -4 - 1/(-3). Let h(z) = z**2 + 8*z + 4. Calculate h(b).
-11
Suppose -4*g - 5*q + 32 = 0, 0*q - 2*q = 5*g - 23. Let c(m) = m**3 - 2*m**2 - 2*m - 1. Give c(g).
2
Suppose 2*d - 3*m + 3 - 6 = 0, -2*m - 4 = -2*d. Let t(g) = -g**2 - 5*g - g**2 + 2*g + g**3 - 3. Give t(d).
-3
Let j(v) = 23*v + 15. Let w(l) = 11*l + 7. Let t(z) = -6*j(z) + 13*w(z). What is t(-1)?
-4
Let b(g) = 9*g - 1. Let o = 7 - 8. Calculate b(o).
-10
Let l(x) = -4. Let h(r) = -8*r - 7. Let n(u) = 7*u + 6. Let f(o) = 6*h(o) + 7*n(o). Let w(t) = -3*f(t) - l(t). Let b be ((-6)/(-8))/(1/4). Calculate w(b).
-5
Let p(j) = 3*j + 1. Let y be p(-1). Let x(a) = -a**3 - 5*a**2 + 3. Let o be x(-5). Let b(l) = -3*l**3 + 2 - 2*l - l**2 - l**2 + 2*l**o. Calculate b(y).
6
Suppose 2*r = 3 + 1. Let s(v) be the first derivative of -3 + v - 5/2*v**r. Calculate s(2).
-9
Let w(d) = d**2 + 3*d - 2. Let q = -2 + 8. Let h = 0 + 2. Suppose h*a - 5*b = -0*b + q, -3*b = -4*a - 2. What is w(a)?
-4
Let u = 2 + 0. Suppose q - 8 = u*c, -5*q - 4*c + c = -1. Let b(h) = -q*h**3 - 5*h**2 + 5 - 2*h - h - 2*h**3 + 3*h**3. Calculate b(-4).
1
Let y(q) = 5*q**2 - q + 1. Let t = -4 + 6. Suppose 3 - 1 = t*s. What is y(s)?
5
Let a(m) = 3*m - 3. Suppose 4*w - 17 = -3*d - 0*w, 5*d - w - 13 = 0. Let i(s) = 6*s - 5. Let c(f) = d*i(f) - 5*a(f). Calculate c(2).
6
Let t(m) = -m**2. Let r = 12 + -14. What is t(r)?
-4
Let k(f) be the second derivative of f**4/12 + f**3 - f**2 + 5*f. What is k(-8)?
14
Let p = -26 + 36. Suppose p = 4*y - 6. Let o(w) = y*w**2 - 6*w**2 + 0*w**3 + w**3 - 1 - w. Determine o(3).
5
Let r(s) = s - 1. Let i be (20/25)/((-2)/(-10)). Suppose 8 = -i*c - 20. Let b = c - -12. Give r(b).
4
Let a(y) be the first derivative of -y**3/3 - 3*y**2/2 - y - 8. Let n(p) be the first derivative of a(p). Suppose 4 + 5 = -3*b. Give n(b).
3
Let i(n) = 1 - 3*n**2 - 2*n**2 + 0*n**2. Let v be (-2 - 1)/((-3)/2). Suppose 0 = -v*p - 4 + 2. What is i(p)?
-4
Let j = -46 + 77. Let z = j + -21. Let i = -15 + z. Let w(n) = n**2 + 7*n + 6. Calculate w(i).
-4
Let t = 14 - 12. Let z(q) = -2*q**2 - 2*q + 1. Determine z(t).
-11
Let f(b) be the first derivative of b**3/3 + 5*b**2/2 - 3*b + 11. Give f(-6).
3
Let s(m) = m + 9. Let h = -5 - 7. Let t = -18 - h. Determine s(t).
3
Let x = 7 - 5. Suppose -x*c + 4*c + 4 = 0. Let b(s) = -10*s + 1. Let d(q) = 11*q - 1. Let k(m) = -7*b(m) - 6*d(m). Calculate k(c).
-9
Let n be ((-11)/(-330))/(4/5). Let o(j) be the third derivative of -1/60*j**6 + 0*j + 1/6*j**3 - j**2 - 1/60*j**5 + n*j**4 + 0. Determine o(-1).
1
Let 